{"id":297,"date":"2021-05-25T11:58:22","date_gmt":"2021-05-25T09:58:22","guid":{"rendered":"https:\/\/cpsparis.fr\/?page_id=297"},"modified":"2024-12-04T17:41:19","modified_gmt":"2024-12-04T16:41:19","slug":"la-cape","status":"publish","type":"page","link":"https:\/\/cpsparis.fr\/index.php\/la-cape\/","title":{"rendered":"La CAPE"},"content":{"rendered":"\n<p class=\"has-medium-font-size\">Cellule d&rsquo;Aide Psychologique pour les Etudiant.e.s<\/p>\n\n\n\n<p>A la crois\u00e9e de nombreux possibles, qu&rsquo;ils soient individuels, familiaux, collectifs, la jeunesse peut \u00eatre un moment complexe \u00e0 traverser. <br>De nombreux questionnements peuvent \u00e9merger et parfois avoir des r\u00e9percussions sur la vie psychique, affective et relationnelle, potentiellement durables. <br>Dans un cadre pr\u00e9ventif, la CAPE se veut ainsi \u00eatre un accueil de crise, pr\u00e9sentiel, pour tous les \u00e9tudiant.e.s en souffrance. <\/p>\n\n\n\n<div class=\"wp-block-media-text alignwide is-stacked-on-mobile\" style=\"grid-template-columns:52% auto\"><figure class=\"wp-block-media-text__media\"><img loading=\"lazy\" decoding=\"async\" width=\"1024\" height=\"677\" src=\"https:\/\/cpsparis.fr\/wp-content\/uploads\/2023\/03\/imgcape-1024x677.png\" alt=\"\" class=\"wp-image-349\"\/><\/figure><div class=\"wp-block-media-text__content\">\n<p><strong>CAPE <\/strong><br>Cellule d&rsquo;Aide Psychologique pour les Etudiant.e.s <br>dans les locaux du CPS Paris<br> 3 rue Jean-Baptiste Dumay <br>75020 Paris &#8211;<br>m\u00e9tro Pyr\u00e9n\u00e9es (ligne 11) <br>&#8211; 01 42 78 19 87 &#8211; <a rel=\"noreferrer noopener\" href=\"mailto:cape@cpsparis.fr\" target=\"_blank\">cape@cpsparis.fr<\/a><\/p>\n<\/div><\/div>\n\n\n\n<p><\/p>\n\n\n\n<p><strong>POUR QUI ?<\/strong><br>La CAPE s\u2019adresse \u00e0 tous les \u00e9tudiant.e.s de 16 \u00e0 27 ans, en souffrance psychique, en situation de crise ou ayant un v\u00e9cu de solitude.<\/p>\n\n\n\n<p>Nous entendons par \u00ab crise \u00bb une p\u00e9riode de d\u00e9s\u00e9quilibre intense, de rupture, durant laquelle une personne ne sait plus comment faire face aux \u00e9v\u00e9nements stressants ou difficiles auxquels elle est confront\u00e9e. Elle peut \u00eatre submerg\u00e9e par ses \u00e9motions, et alors se trouver dans un \u00e9tat de grande vuln\u00e9rabilit\u00e9. C\u2019est dans cet \u00e9tat que des id\u00e9es suicidaires peuvent survenir.<\/p>\n\n\n\n<p><strong>COMMENT<\/strong><br><br>Par un accueil imm\u00e9diat et une prise en charge \u00e0 court-terme, \u00e9tayante et personnalis\u00e9e, la CAPE travaille \u00e0 co-construire avec le.la jeune un projet ou une orientation personnalis\u00e9e. <br>Ce dispositif propose des espaces th\u00e9rapeutiques rapproch\u00e9s dans le temps par : <br>&#8211; entretiens individuels et\/ou familiaux<br>&#8211; consultations m\u00e9dicales <br>&#8211; groupes d\u2019expression et de cr\u00e9ation<\/p>\n\n\n\n<p>La CAPE propose une p\u00e9riode particuli\u00e8re, pour accueillir, \u00e9valuer et accompagner le.la jeune dans sa souffrance, trouver avec lui.elle des ressources pour affronter ce temps de crise et reconstruire des liens satisfaisants. <br>Les professionnel.le.s ne se situent pas au-dessus mais \u00ab \u00e0 c\u00f4t\u00e9 \u00bb de l\u2019\u00e9tudiant.e, pour l\u2019accompagner \u00e0 son rythme.<br>Elle permet des temps d\u2019expression et d\u2019\u00e9valuation de ses besoins, afin de porter un regard diff\u00e9rent sur soi, sur sa situation familiale et\/ou sociale, et ainsi pouvoir d\u00e9velopper de nouvelles comp\u00e9tences et s\u2019approprier de nouvelles ressources.<\/p>\n\n\n\n<p><strong>PAR QUI ?<\/strong><br>Les \u00e9tudiant.e.s sont accueilli.e.s par une \u00e9quipe pluridisciplinaire, constitu\u00e9e de :<br>&#8211; Accueillant.e.s <br>&#8211; Psychologues clinicien.ne.s <br>&#8211; Psychiatre<br>&#8211; Art-th\u00e9rapeutes <br>&#8211; Assistante sociale<br><\/p>\n\n\n\n<p>PLAQUETTE DE LA CAPE : <\/p>\n\n\n\n<div class=\"wp-block-file\"><a href=\"https:\/\/cpsparis.fr\/wp-content\/uploads\/2024\/12\/CAPE-dec-2024.pdf\">CAPE-dec-2024<\/a><a href=\"https:\/\/cpsparis.fr\/wp-content\/uploads\/2024\/12\/CAPE-dec-2024.pdf\" class=\"wp-block-file__button\" download>T\u00e9l\u00e9charger<\/a><\/div>\n","protected":false},"excerpt":{"rendered":"<p>Cellule d&rsquo;Aide Psychologique pour les Etudiant.e.s A la crois\u00e9e de nombreux possibles, qu&rsquo;ils soient individuels, familiaux, collectifs, la jeunesse peut \u00eatre un moment complexe \u00e0 traverser. De nombreux questionnements peuvent \u00e9merger et parfois avoir des r\u00e9percussions sur la vie psychique, affective et relationnelle, potentiellement durables. Dans un cadre pr\u00e9ventif, la CAPE se veut ainsi \u00eatre &hellip; <\/p>\n<p class=\"link-more\"><a href=\"https:\/\/cpsparis.fr\/index.php\/la-cape\/\" class=\"more-link\">Continuer la lecture<span class=\"screen-reader-text\"> de &laquo;&nbsp;La CAPE&nbsp;&raquo;<\/span><\/a><\/p>\n","protected":false},"author":1,"featured_media":476,"parent":0,"menu_order":0,"comment_status":"closed","ping_status":"closed","template":"","meta":{"footnotes":""},"class_list":["post-297","page","type-page","status-publish","has-post-thumbnail","hentry"],"_links":{"self":[{"href":"https:\/\/cpsparis.fr\/index.php\/wp-json\/wp\/v2\/pages\/297","targetHints":{"allow":["GET"]}}],"collection":[{"href":"https:\/\/cpsparis.fr\/index.php\/wp-json\/wp\/v2\/pages"}],"about":[{"href":"https:\/\/cpsparis.fr\/index.php\/wp-json\/wp\/v2\/types\/page"}],"author":[{"embeddable":true,"href":"https:\/\/cpsparis.fr\/index.php\/wp-json\/wp\/v2\/users\/1"}],"replies":[{"embeddable":true,"href":"https:\/\/cpsparis.fr\/index.php\/wp-json\/wp\/v2\/comments?post=297"}],"version-history":[{"count":15,"href":"https:\/\/cpsparis.fr\/index.php\/wp-json\/wp\/v2\/pages\/297\/revisions"}],"predecessor-version":[{"id":508,"href":"https:\/\/cpsparis.fr\/index.php\/wp-json\/wp\/v2\/pages\/297\/revisions\/508"}],"wp:featuredmedia":[{"embeddable":true,"href":"https:\/\/cpsparis.fr\/index.php\/wp-json\/wp\/v2\/media\/476"}],"wp:attachment":[{"href":"https:\/\/cpsparis.fr\/index.php\/wp-json\/wp\/v2\/media?parent=297"}],"curies":[{"name":"wp","href":"https:\/\/api.w.org\/{rel}","templated":true}]}}

<p class="has-medium-font-size">Cellule d&rsquo;Aide Psychologique pour les Etudiant.e.s</p>



<p>A la croisée de nombreux possibles, qu&rsquo;ils soient individuels, familiaux, collectifs, la jeunesse peut être un moment complexe à traverser. <br>De nombreux questionnements peuvent émerger et parfois avoir des répercussions sur la vie psychique, affective et relationnelle, potentiellement durables. <br>Dans un cadre préventif, la CAPE se veut ainsi être un accueil de crise, présentiel, pour tous les étudiant.e.s en souffrance. </p>



<div class="wp-block-media-text alignwide is-stacked-on-mobile" style="grid-template-columns:52% auto"><figure class="wp-block-media-text__media"><img loading="lazy" decoding="async" width="1024" height="677" src="https://cpsparis.fr/wp-content/uploads/2023/03/imgcape-1024x677.png" alt="" class="wp-image-349"/></figure><div class="wp-block-media-text__content">
<p><strong>CAPE </strong><br>Cellule d&rsquo;Aide Psychologique pour les Etudiant.e.s <br>dans les locaux du CPS Paris<br> 3 rue Jean-Baptiste Dumay <br>75020 Paris &#8211;<br>métro Pyrénées (ligne 11) <br>&#8211; 01 42 78 19 87 &#8211; <a rel="noreferrer noopener" href="mailto:cape@cpsparis.fr" target="_blank">cape@cpsparis.fr</a></p>
</div></div>



<p></p>



<p><strong>POUR QUI ?</strong><br>La CAPE s’adresse à tous les étudiant.e.s de 16 à 27 ans, en souffrance psychique, en situation de crise ou ayant un vécu de solitude.</p>



<p>Nous entendons par « crise » une période de déséquilibre intense, de rupture, durant laquelle une personne ne sait plus comment faire face aux événements stressants ou difficiles auxquels elle est confrontée. Elle peut être submergée par ses émotions, et alors se trouver dans un état de grande vulnérabilité. C’est dans cet état que des idées suicidaires peuvent survenir.</p>



<p><strong>COMMENT</strong><br><br>Par un accueil immédiat et une prise en charge à court-terme, étayante et personnalisée, la CAPE travaille à co-construire avec le.la jeune un projet ou une orientation personnalisée. <br>Ce dispositif propose des espaces thérapeutiques rapprochés dans le temps par : <br>&#8211; entretiens individuels et/ou familiaux<br>&#8211; consultations médicales <br>&#8211; groupes d’expression et de création</p>



<p>La CAPE propose une période particulière, pour accueillir, évaluer et accompagner le.la jeune dans sa souffrance, trouver avec lui.elle des ressources pour affronter ce temps de crise et reconstruire des liens satisfaisants. <br>Les professionnel.le.s ne se situent pas au-dessus mais « à côté » de l’étudiant.e, pour l’accompagner à son rythme.<br>Elle permet des temps d’expression et d’évaluation de ses besoins, afin de porter un regard différent sur soi, sur sa situation familiale et/ou sociale, et ainsi pouvoir développer de nouvelles compétences et s’approprier de nouvelles ressources.</p>



<p><strong>PAR QUI ?</strong><br>Les étudiant.e.s sont accueilli.e.s par une équipe pluridisciplinaire, constituée de :<br>&#8211; Accueillant.e.s <br>&#8211; Psychologues clinicien.ne.s <br>&#8211; Psychiatre<br>&#8211; Art-thérapeutes <br>&#8211; Assistante sociale<br></p>



<p>PLAQUETTE DE LA CAPE : </p>



<div class="wp-block-file"><a href="https://cpsparis.fr/wp-content/uploads/2024/12/CAPE-dec-2024.pdf">CAPE-dec-2024</a><a href="https://cpsparis.fr/wp-content/uploads/2024/12/CAPE-dec-2024.pdf" class="wp-block-file__button" download>Télécharger</a></div>

<p>Cellule d&rsquo;Aide Psychologique pour les Etudiant.e.s A la croisée de nombreux possibles, qu&rsquo;ils soient individuels, familiaux, collectifs, la jeunesse peut être un moment complexe à traverser. De nombreux questionnements peuvent émerger et parfois avoir des répercussions sur la vie psychique, affective et relationnelle, potentiellement durables. Dans un cadre préventif, la CAPE se veut ainsi être &hellip; </p>
<p class="link-more"><a href="https://cpsparis.fr/index.php/la-cape/" class="more-link">Continuer la lecture<span class="screen-reader-text"> de &laquo;&nbsp;La CAPE&nbsp;&raquo;</span></a></p>
